2*u(c) - 9*x(c). Is q(3) prime?
False
Suppose -20*g + 8 = -16*g. Suppose g*b - 6*b + 8 = 0. Is 4/b*1256/16 composite?
False
Let c(v) be the second derivative of 3*v**5/10 - v**4/4 - 2*v**3/3 + 7*v**2 - 54*v. Is c(9) composite?
True
Suppose 0 = -6*c - 22 + 4. Is c + (-6*6/9 - -1262) a prime number?
False
Let u(x) be the second derivative of x**5/20 + 2*x**4/3 + x**3 - 2*x**2 + 2*x. Let w be u(-7). Is -2*(w - (-58)/(-4)) a prime number?
True
Suppose -2*i + 1927 = -3*v, 2*i - 5*v = 3*i - 996. Suppose 5*l - 1284 = i. Is l composite?
True
Let a(z) = 5413*z**2 + 559*z + 6189. Is a(-11) a prime number?
True
Let l = -23643 - -139272. Is l a composite number?
True
Suppose -3*j + 33211 = 5*f, -5*f = -2*j - 7129 - 26072. Let g = -1732 + f. Is g composite?
False
Let y(n) = 44*n**2 - 7*n + 14. Let u be y(-6). Let p be (-2155 + 1)*(-19)/(-38). Let m = u + p. Is m a composite number?
False
Is 1*-34*(1231/(-6) - (-22)/33) prime?
False
Let r(p) = 3213*p + 4150. Is r(29) composite?
False
Let b(g) = 43 - 37 - 14*g - 12*g + 3*g. Let r be b(-4). Let m = 187 - r. Is m composite?
False
Let z(q) = q**3 + 3. Let x be z(0). Suppose 62406 + 57948 = -x*y. Is (-6)/(-27) + y/(-18) a prime number?
False
Suppose -14970 = 4*n - 57786. Suppose -n = -40*p + 24*p. Is p a prime number?
False
Let q = 170 - 241. Let b = q - -68. Is (2/6)/((-1)/1602*b) composite?
True
Suppose 2*l - 1199 = -3*t, 6*l - 613 = 5*l + 3*t. Suppose -606*y + l*y + 8286 = 0. Is y a composite number?
True
Suppose 7*g + 772 - 4734 = 0. Suppose 3631 + g = 3*j. Is j a composite number?
False
Suppose 2*b + 124133 = y - 296530, -5*y + b + 2103351 = 0. Is y composite?
False
Suppose c + 3*u = 2*c - 6, -c - 4*u = -6. Suppose 4*r - 2328 = 3*p, p = 10*r - c*r - 2328. Suppose 0*o = 4*o - 2*n - 1154, 0 = -2*o - 4*n + r. Is o composite?
True
Suppose -5*g + 107899 = 3*y, -57423 = -2*y - g + 14505. Is y composite?
False
Is 2 - ((-3)/((-9)/(-120666)) - (-205)/41) composite?
True
Let k(u) = -96*u**2 - 9*u - 4. Let t be k(-2). Let m = 417 - t. Is m prime?
True
Suppose 6*p = -3*r + 3*p + 7341, -5*r - 4*p = -12238. Let m = r + -1404. Is m composite?
True
Suppose 15*n - 4*l + 1828039 = 20*n, 6*n = -3*l + 2193654. Is n prime?
True
Let x be (1 + 2)/(-3) + 3 - 2954. Let y = x + 4487. Is y composite?
True
Suppose -483*y + 1162930 = 5*x - 480*y, 4*y - 232603 = -x. Is x prime?
False
Let m = -249765 + 537512. Is m a composite number?
False
Let p(c) = -c**2 + 12*c - 4. Let d be p(10). Suppose -8056 = -18*l + d*l. Suppose 0 = 3*a + 1073 - l. Is a a prime number?
False
Suppose -2*h = -2569 + 573. Let t = -453 + h. Let x = t - 118. Is x a composite number?
True
Let r(u) = 4155*u**2 - 45*u - 89. Is r(-2) a prime number?
False
Suppose 5*m - 1808790 = 5*x, -5*m + 837467 = 5*x - 971373. Is m prime?
True
Suppose 3*x - i - 762073 + 304117 = 0, 3*i = -x + 152642. Is x composite?
True
Let m = 12 + -24. Let r(j) = 139*j**2 + 5*j - 30*j**2 - 4*j + 25 - 49*j**2 - 59*j**2. Is r(m) a composite number?
False
Let x be -3 - 6/9*(-165)/22. Is (-1 + 9 - 7)/(x/5366) prime?
True
Suppose 0 = 15*y + 37*y - 1671434 - 1490478. Is y a composite number?
True
Let c(f) = -f**3 - f**2 + 2*f - 79. Suppose -2*h - 3 + 3 = 0. Let u be c(h). Let l = 330 + u. Is l a prime number?
True
Let h = -55808 + 114745. Is h a prime number?
True
Let b(t) = t**3 + 18*t**2 + 15*t. Let p be b(-19). Let c = 480 - p. Is c composite?
True
Suppose 0 = 2*n - 4*p - 14890 - 122824, -3*n + 3*p = -206580. Is n a prime number?
True
Suppose -n - 5*h + 3*h + 319669 = 0, n - h = 319675. Is n prime?
True
Suppose -4*u = -3 + 19. Let k be (-2)/u*(-4)/(-1). Suppose 4*a = 2*a - 5*z + 2679, -3*a = k*z - 4013. Is a prime?
False
Let r(h) = -2139*h + 2051. Is r(-94) a prime number?
True
Suppose 4*d - 11 = 1, -x - 3*d = -13. Suppose -2*w + 5*n = -783, -1809 + 249 = -4*w + x*n. Is w a prime number?
True
Let x(v) = -3*v - 10. Let p be x(-4). Suppose p*q - 231 = 283. Is q composite?
False
Let r = 4 + -2. Suppose -3*i - 6010 = -3*z + r*i, 2004 = z - 2*i. Suppose 210 = -5*l + z. Is l a prime number?
False
Let i = -25 + 27. Suppose 2*d - 16 = -4*v, -5*d = 4*v - i*v. Suppose 4*b + 33 = 2*x - x, 190 = v*x + 5*b. Is x a composite number?
False
Let r(z) = 2*z**2 - 3*z - 6. Let k(v) = 2*v**2 + 2. Let u(d) = 6*k(d) + r(d). Let f(h) = -4*h**2 + 2*h + 1. Let s be f(-1). Is u(s) prime?
False
Let z = -2267 + 2390. Is z prime?
False
Is ((-301962654)/(-324))/(1/2) prime?
False
Suppose 523*p + 1559286 = 529*p. Is p composite?
True
Suppose -106*m - 182500 = -815426. Is m a composite number?
True
Let x = 356 + -353. Is x + 1 - (35 + -980) a composite number?
True
Let h = 38 + -53. Let n(v) = -2*v - 28. Let i be n(h). Suppose 4*k - q = k + 9172, 5*k = -i*q + 15283. Is k composite?
True
Let t(h) = 14 + 13 + h - 14. Let m be t(-5). Is (-24)/m - (-2 + -193 + -2) composite?
True
Suppose 7 + 25 = 8*u. Suppose -5*h - 3*f = -8*f - 48930, 0 = u*h + f - 39169. Is h composite?
False
Suppose -227 = -5*p + 3*u, 0*p + 3*p + u = 125. Let o = 47 - p. Is (1 + 105)*26/o a prime number?
False
Suppose 2*w = w - 4*h + 16, 0 = 3*w - h - 35. Let g be -4 - (-1*w)/(-3). Is 21285/60 - (2/g + 0) a composite number?
True
Suppose 0 = -j - 5*r + 102227, 204428 = -40*j + 42*j - 3*r. Is j prime?
True
Let b be ((-296718)/(-4))/(-17)*8/6. Let w = 1971 - b. Is w prime?
True
Let z(b) = 74*b - 151. Let o(p) = p**3 - 44*p**2 - 41*p - 153. Let u be o(45). Is z(u) a composite number?
False
Suppose 2380*m - 2394*m = -742238. Is m prime?
True
Let w = -152471 - -309358. Is w prime?
True
Let o(d) = -d**3 + 9*d**2 + 36*d - 10. Let k be o(-14). Suppose -4*s = 2*q - 2*s - 1998, 0 = 4*q + 3*s - k. Is q prime?
True
Let q(x) be the third derivative of -1/30*x**5 + 13*x**2 + 0*x + 1/120*x**6 + 2/3*x**3 + 0 - 5/12*x**4. Is q(9) composite?
True
Let q(v) = 28*v - 16*v - 12*v - 41 + 4*v**2. Let g(h) = -18*h**2 + 205. Let p(d) = 2*g(d) + 11*q(d). Is p(-15) composite?
False
Suppose 0 = -9*w + 73684 + 218519. Is w composite?
False
Is ((-580)/348)/(10/(-919146)) a composite number?
False
Let f(k) = -k**2 + 14*k + 4. Let y be f(14). Suppose 7 - 184 = 2*o + 5*h, -y*o - h = 363. Is 2*1 - (o + 4) a composite number?
False
Let x = -682 + 1219. Let k = -1325 + 1639. Let a = x + k. Is a a prime number?
False
Suppose 861*h - 366423176 = 469*h. Is h a prime number?
True
Let z = -19457 - -31564. Is z composite?
False
Suppose 0 = 3*n + 4*f - 7593203, 1021608 - 11145872 = -4*n - 2*f. Is n a prime number?
False
Suppose -5*p = g - 6888, 0 = 3*g - 4*p - 10579 - 9990. Is g a prime number?
True
Let v(f) = -f**3 - 13*f**2 - 23*f - 6. Let a be v(-11). Suppose a*y + 106923 = 34*y. Is y a composite number?
True
Suppose -2*c + 246 = -16836. Let k = c - 5888. Is k a composite number?
True
Suppose -2*g - 2*g + 5*u + 473377 = 0, 0 = g - 5*u - 118348. Is g prime?
True
Suppose -4*v = -0*v - u - 18, 5*v = 3*u + 26. Suppose -v*x - 1477 = 3*j - 0*j, 5*j = -2*x - 735. Is (-3)/(1 + 2)*(x - -3) a composite number?
False
Let w = 120485 + -69396. Is w prime?
False
Let a = 3244799 - 2192988. Is a a prime number?
True
Let s = -795 + 797. Suppose -s*g + z = -155 - 1078, z - 609 = -g. Is g composite?
True
Suppose 1059*z = 1065*z - 92346. Is z a composite number?
False
Let c(o) = 9946*o**2 + 18*o + 60. Let i be c(-4). Suppose -10*n + i = 18*n. Is n a prime number?
True
Suppose -4*r - 4*u = -36, 2*u = r + 6*u - 15. Let a(q) = 84*q**2 - 8*q + 23. Is a(r) prime?
False
Suppose -2*v - n = -20177 - 3159, -2*v + 23360 = -5*n. Let p = v + -7317. Is p a composite number?
True
Is (230/368)/((-10)/(-4))*6628 composite?
False
Let o be 1*4/10 + (-52)/5. Let a(g) = -4*g**3 - 8*g**2 + 10*g + 1. Is a(o) a prime number?
False
Suppose p - 4*h + 30 = 3*p, 3*h = 5*p - 49. Suppose -5*w = -3*n - 1067, -6*w = -p*w - 2*n + 1047. Is w composite?
False
Suppose -i = -3*h + 23, -5 = -h + i - 0. Suppose -h*l + 11746 = -45512. Is l prime?
False
Let t(o) = 156*o - 49. Let m(q) = -307*q + 93. Let w(g) = -615*g + 187. Let c(v) = 11*m(v) - 6*w(v). Let b(l) = -3*c(l) + 7*t(l). Is b(19) a prime number?
True
Let l(c) = 3*c**3 - 40*c**2 - 3*c - 39. Let a be l(17). Let k = 8274 + a. Is k a composite number?
True
Let q = -208 + -378. Let r = 128 + -83. Is q/4*(-9)/(r/10) prime?
True
Suppose -146221 = -5*c - 3*x, -14*c + 409400 = -37*x + 36*x. Is c composite?
Fals